{"id":30,"date":"2011-08-22T19:22:49","date_gmt":"2011-08-22T17:22:49","guid":{"rendered":"http:\/\/www.stein-it-consult.de\/WP-Schnackenhof\/?page_id=30"},"modified":"2021-06-08T12:20:19","modified_gmt":"2021-06-08T10:20:19","slug":"aktivitaten-2","status":"publish","type":"page","link":"https:\/\/www.schnackenhof.de\/?page_id=30","title":{"rendered":"OSTWESTAKADEMIE"},"content":{"rendered":"<h3><em>E<strong>rl\u00e4uterung:<\/strong> <\/em><\/h3>\n<h3><em>Unsere OSTWEST-Akademie hat den Zweck, Kooperationen herzustellen und Treffen, bzw. Aktionen mit &nbsp;\u00fcberregionalem Charakter zu schaffen:&nbsp;Tagungen, Ausstellungen, Lesungen, Autorentreffen, Panels usf. &nbsp;je nach Aktivit\u00e4t der Mitglieder. Die Homepage: <a href=\"http:\/\/www.ostwestakademie.com\">www.ostwestakademie.com<\/a>&nbsp;<\/em><\/h3>\n<p><strong>N\u00e4chste Veranstaltungen:&nbsp;<\/strong><\/p>\n<p>9.\/10. JUNI 2021 &nbsp;Zoompodium auf dem&nbsp;<strong>PHILOSOPHIEFESTIVAL HANNOVER<\/strong> 2021 Mit&nbsp;<strong>Eva Koethen<\/strong> und <strong>Reinhard Knodt<\/strong>. (Beide Berlin)<\/p>\n<p>18. JUNI 2021 : &nbsp;<strong>AUSSTELLUNG<\/strong> Ren\u00e9 B\u00f6ll, Thorsten Schirmer und Zen-Klassiker der Sammlung Gebhard im TENRI (K\u00d6LN) &nbsp;mit Johannes SISTERMANNS, Ren\u00e9 B\u00d6LL, und Thorsten SCHIRMER<\/p>\n<p>25 &#8211; 27 JULI. &nbsp;Eigenes Panel unserer Akademie auf dem internationalen IVG-Kongress Palermo mit <strong>Manfred Osten, Reinhard Knodt Fawzi Boubia, Hans-Christoph Buch.<\/strong> Thema: Alterit\u00e4t und transkulturelle Teilnahme: &nbsp;&#8211; Goethe versus Hegel.<\/p>\n<p>20.-22. &nbsp;AUGUST 2021 &nbsp;SOMMERAKADEMIE der Akademie im Schnackenhof zusammen mit dem &nbsp;R\u00f6thenbacher Kunstf\u00f6rderverein.&nbsp;<\/p>\n<p>&nbsp;<\/p>\n<p>xxxxxxxxxxxxxxxxxxxxxxxxx. R\u00dcCKSCHAU 2020 : xxxxxxxxxxxxxxxxxxxxxxxxxxxxxxxxxxx<\/p>\n<p>&nbsp;<\/p>\n<p><strong><em>Vergangene VERANSTALTUNGEN: Vgl. auch www.Ostwestakademie.com<\/em><\/strong><\/p>\n<p><strong>15\/16 Juni &nbsp;2020:&nbsp;<\/strong>Treffen der &nbsp;OSTWEST-Akademie zum Thema &#8222;Pers\u00f6nlichkeit&#8220; im Schnackenhof.<\/p>\n<p><span style=\"color: #000000;\"><span style=\"caret-color: #000000;\"><b>23. Juni. 2020<\/b><\/span><\/span><\/p>\n<p><strong><em>Goethes West\u00f6stlicher Divan<\/em><\/strong> &#8211; ein Gespr\u00e4ch mit Manfred Osten, Fawzi Boubia, Reinhard Knodt und Mahdieh Mottaghi. \/An der TAR: &nbsp;Elshan Ghasemi\/Gastgeber: &nbsp;Katholische Akademie Berlin, Referent: Thomas W\u00fcrtz. (VERFILMT, YOUTUBE)<\/p>\n<p><strong>14. &#8211; 16. August.<\/strong>&nbsp; &nbsp;Coronatische Sommerakademie im Schnackenhof mit Teezeremonie und Vortr\u00e4gen<\/p>\n<div id=\"attachment_3299\" style=\"width: 310px\" class=\"wp-caption alignnone\"><a href=\"https:\/\/www.schnackenhof.de\/wp-content\/uploads\/2020\/10\/234ea2c9-7d36-4e1a-9a9f-ae01d918bae0.jpg\"><img loading=\"lazy\" decoding=\"async\" aria-describedby=\"caption-attachment-3299\" class=\"size-medium wp-image-3299\" src=\"https:\/\/www.schnackenhof.de\/wp-content\/uploads\/2020\/10\/234ea2c9-7d36-4e1a-9a9f-ae01d918bae0-300x225.jpg\" alt=\"\" width=\"300\" height=\"225\" srcset=\"https:\/\/www.schnackenhof.de\/wp-content\/uploads\/2020\/10\/234ea2c9-7d36-4e1a-9a9f-ae01d918bae0-300x225.jpg 300w, https:\/\/www.schnackenhof.de\/wp-content\/uploads\/2020\/10\/234ea2c9-7d36-4e1a-9a9f-ae01d918bae0-1024x768.jpg 1024w, https:\/\/www.schnackenhof.de\/wp-content\/uploads\/2020\/10\/234ea2c9-7d36-4e1a-9a9f-ae01d918bae0-768x576.jpg 768w, https:\/\/www.schnackenhof.de\/wp-content\/uploads\/2020\/10\/234ea2c9-7d36-4e1a-9a9f-ae01d918bae0-1536x1152.jpg 1536w, https:\/\/www.schnackenhof.de\/wp-content\/uploads\/2020\/10\/234ea2c9-7d36-4e1a-9a9f-ae01d918bae0.jpg 1600w\" sizes=\"auto, (max-width: 300px) 100vw, 300px\" \/><\/a><p id=\"caption-attachment-3299\" class=\"wp-caption-text\">Sommerakademie im Schnackenhof 2020<\/p><\/div>\n<p>&nbsp;<\/p>\n<p><a href=\"https:\/\/www.schnackenhof.de\/wp-content\/uploads\/2020\/11\/122267755_3668850606480256_3032759531829677243_o.jpg\"><img loading=\"lazy\" decoding=\"async\" class=\"alignnone size-medium wp-image-3304\" src=\"https:\/\/www.schnackenhof.de\/wp-content\/uploads\/2020\/11\/122267755_3668850606480256_3032759531829677243_o-300x225.jpg\" alt=\"\" width=\"300\" height=\"225\" srcset=\"https:\/\/www.schnackenhof.de\/wp-content\/uploads\/2020\/11\/122267755_3668850606480256_3032759531829677243_o-300x225.jpg 300w, https:\/\/www.schnackenhof.de\/wp-content\/uploads\/2020\/11\/122267755_3668850606480256_3032759531829677243_o-1024x768.jpg 1024w, https:\/\/www.schnackenhof.de\/wp-content\/uploads\/2020\/11\/122267755_3668850606480256_3032759531829677243_o-768x576.jpg 768w, https:\/\/www.schnackenhof.de\/wp-content\/uploads\/2020\/11\/122267755_3668850606480256_3032759531829677243_o-1536x1153.jpg 1536w, https:\/\/www.schnackenhof.de\/wp-content\/uploads\/2020\/11\/122267755_3668850606480256_3032759531829677243_o.jpg 1599w\" sizes=\"auto, (max-width: 300px) 100vw, 300px\" \/><\/a><\/p>\n<p>&nbsp;<\/p>\n<p>&nbsp;<\/p>\n<p>&nbsp;<\/p>\n<p>Ehemalige Veranstaltungen der Akademie:<\/p>\n<p><strong>9. April 2019:&nbsp; Er\u00f6ffnung der Ausstellung: Tuschspuren in der Leere: (Ren\u00e9 B\u00f6ll, Thorsten Schirmer und die Sammlung Walter Gebhard<\/strong>&nbsp;(Zusammen mit dem Konfuzius-Institut N\u00fcrnberg-Erlangen.) &nbsp;<strong>Ort: Sparkassen-Galerie an der Lorenzkirche N\u00fcrnberg, Lorenzer Platz 2 .<\/strong><\/p>\n<p><strong>F\u00fchrungstermine &nbsp;durch die Ausstellung:<\/strong> &nbsp;Am 12. 4. &nbsp;13.00 &nbsp;(Prof. Walter Gebhard) &nbsp;am Di. 7. Mai (16.00) durch Nora Gantert (Konfuzius-Institut) &nbsp;Am Freitag 26. 4. 17.00 (mit Thorsten Schirmer) am Freitag 17. Mai 16.00 (mit Gerhardt Staufenbiehl.<\/p>\n<p><strong>10. Mai 2019 : Ein Maler aus Charkiv &#8211; ein Schriftsteller aus N\u00fcrnberg<\/strong>. Pr\u00e4sentation des Buches &#8222;Schmerz&#8220; (Reinhard Knodt) und der dazugeh\u00f6rigen Bilder des K\u00fcnstlers <strong>GAMLET<\/strong> (Kharkiv) unter Beteiligung des Internationalen Hauses der Stadt N\u00fcrnberg. Ort: Die Galerie Bunsen G\u00f6tz. N\u00fcrnberg Kressenstr. 11. &nbsp;<\/p>\n<p>&nbsp; &nbsp;<strong>29. Mai 2019 &nbsp;19.00 : Ein Maler aus Charkiv &#8211; ein Schriftsteller aus N\u00fcrnberg<\/strong>. Lesung aus den B\u00fcchern Schmerz \/Undinen\/ Das Haus \/Aber so kommen Sie doch mit hinunter zum Flu\u00df. Ausstattung der B\u00fccher: GAMLET, Alexei Borisov, Mehmet \u00d6zdemir, J\u00fcrgen Schnabel (unter Beteiligung des Internationalen Hauses der Stadt N\u00fcrnberg. Ort: Galerie Bunsen G\u00f6tz. N\u00fcrnberg Kressestr. 11.) &nbsp;<\/p>\n<p><strong>Freitag 7. Juni<\/strong> &nbsp;17.30 &nbsp;Vortrag Thorsten Schirmer: Tuschspuren in der Leere &#8211; eine Einf\u00fchrung in die Zen-Malerei &nbsp;Ort: Basement Sparkasse N\u00fcrnberg Lorenzer Platz 2 (Ausstellungsr\u00e4ume)<\/p>\n<p><strong>Freitag &nbsp;7. Juni &nbsp;19.00 &#8211; 20.30 &nbsp;Workshop &nbsp;mit Se Schirmer-Wang: Die Zen Meditation <\/strong>&#8211; Achtsamkeit und Stressabbau.<\/p>\n<p><strong>2. &#8211; 5. August:<\/strong> Philosophietage des Schnackenhofs. Die Akademie traf sich f\u00fcr drei Tage &nbsp;auf Schloss Steinh\u00f6fel bei Berlin.<\/p>\n<p>&#8212;&#8212;&#8212;&#8212;&#8212;&#8212;&#8212;&#8212;&#8212;&#8212;&#8212;&#8212;&#8212;&#8212;&#8212;&#8211;<\/p>\n<p><strong>F\u00fcr den 18. Juni 2021 ist eine Ausstellung im TENRI &#8211; K\u00f6ln mit&nbsp;Werken von Rene B\u00f6ll und Thorsten Schirmer &nbsp;geplant. &nbsp; vom 20 &#8211; 22 August findet wieder eine Sommerakademie statt. Ort: Coronabedingt im&nbsp;Freigel\u00e4nde des Schnackenhofs &nbsp; Thema: Die Ethik und die Seidenstrasse &#8211; Positionen und Interessen zwischen&nbsp;West und Ost.<\/strong><\/p>\n<p>Vgl. auch:&nbsp;&nbsp;<a href=\"http:\/\/www.ostwestakademie.com\">www.Ostwestakademie.com<\/a><\/p>\n<p>&nbsp;<\/p>\n\n\n<p><br><\/p>\n","protected":false},"excerpt":{"rendered":"<p>Erl\u00e4uterung: Unsere OSTWEST-Akademie hat den Zweck, Kooperationen herzustellen und Treffen, bzw. Aktionen mit &nbsp;\u00fcberregionalem Charakter zu schaffen:&nbsp;Tagungen, Ausstellungen, Lesungen, Autorentreffen, Panels usf. &nbsp;je nach Aktivit\u00e4t der Mitglieder. Die Homepage: www.ostwestakademie.com&nbsp; N\u00e4chste Veranstaltungen:&nbsp; 9.\/10. JUNI 2021 &nbsp;Zoompodium auf dem&nbsp;PHILOSOPHIEFESTIVAL HANNOVER 2021 &hellip; <a href=\"https:\/\/www.schnackenhof.de\/?page_id=30\">Weiterlesen <span class=\"meta-nav\">&rarr;<\/span><\/a><\/p>\n","protected":false},"author":8,"featured_media":0,"parent":0,"menu_order":4,"comment_status":"closed","ping_status":"closed","template":"onecolumn-page.php","meta":{"_cbd_carousel_blocks":"[]","ngg_post_thumbnail":0,"footnotes":""},"class_list":["post-30","page","type-page","status-publish","hentry"],"_links":{"self":[{"href":"https:\/\/www.schnackenhof.de\/index.php?rest_route=\/wp\/v2\/pages\/30","targetHints":{"allow":["GET"]}}],"collection":[{"href":"https:\/\/www.schnackenhof.de\/index.php?rest_route=\/wp\/v2\/pages"}],"about":[{"href":"https:\/\/www.schnackenhof.de\/index.php?rest_route=\/wp\/v2\/types\/page"}],"author":[{"embeddable":true,"href":"https:\/\/www.schnackenhof.de\/index.php?rest_route=\/wp\/v2\/users\/8"}],"replies":[{"embeddable":true,"href":"https:\/\/www.schnackenhof.de\/index.php?rest_route=%2Fwp%2Fv2%2Fcomments&post=30"}],"version-history":[{"count":99,"href":"https:\/\/www.schnackenhof.de\/index.php?rest_route=\/wp\/v2\/pages\/30\/revisions"}],"predecessor-version":[{"id":3553,"href":"https:\/\/www.schnackenhof.de\/index.php?rest_route=\/wp\/v2\/pages\/30\/revisions\/3553"}],"wp:attachment":[{"href":"https:\/\/www.schnackenhof.de\/index.php?rest_route=%2Fwp%2Fv2%2Fmedia&parent=30"}],"curies":[{"name":"wp","href":"https:\/\/api.w.org\/{rel}","templated":true}]}}