{"id":521,"date":"2017-10-01T20:49:24","date_gmt":"2017-10-01T18:49:24","guid":{"rendered":"http:\/\/www.schnackenhof.de\/?page_id=521"},"modified":"2022-07-22T15:22:02","modified_gmt":"2022-07-22T13:22:02","slug":"der-schnackenhof","status":"publish","type":"page","link":"https:\/\/www.schnackenhof.de\/","title":{"rendered":"WER WIR SIND"},"content":{"rendered":"\n<h4 class=\"wp-block-heading\"><strong><em><a rel=\"noreferrer noopener\" href=\"http:\/\/www.youtube.com\/watch?v=jp8b-N7VmKU&amp;feature=player_embedded\" target=\"_blank\">Video: Der Schnackenhof<\/a><\/em><\/strong><\/h4>\n\n\n\n<h3 class=\"wp-block-heading\">1. <strong>Der Anfang<\/strong><\/h3>\n\n\n\n<figure class=\"wp-block-image is-resized\"><img loading=\"lazy\" decoding=\"async\" src=\"http:\/\/www.schnackenhof.de\/wp-content\/uploads\/2019\/01\/UNDINENSTATUE-768x1024.jpg\" alt=\"\" class=\"wp-image-2695\" width=\"398\" height=\"531\" srcset=\"https:\/\/www.schnackenhof.de\/wp-content\/uploads\/2019\/01\/UNDINENSTATUE-768x1024.jpg 768w, https:\/\/www.schnackenhof.de\/wp-content\/uploads\/2019\/01\/UNDINENSTATUE-225x300.jpg 225w, https:\/\/www.schnackenhof.de\/wp-content\/uploads\/2019\/01\/UNDINENSTATUE.jpg 1704w\" sizes=\"auto, (max-width: 398px) 100vw, 398px\" \/><figcaption>Gro\u00dfe Stehende &#8211; Lindenholzskulptur J\u00f6rg Ammonat<br><\/figcaption><\/figure>\n\n\n\n<p>Der &#8222;Schnackenhof&#8220;\u00a0wurde 1995 von<a href=\"https:\/\/de.wikipedia.org\/wiki\/Reinhard_Knodt\"> Reinhard Knodt<\/a>, J\u00f6rg Amonat, Michaela Moritz, Sylvia Weihleder mit weiteren Freunden und Studenten der N\u00fcrnberger Akademie als Philosophiesalon und Denkort in einem gro\u00dfen Garten mit Abbruchhaus am Pegnitzufer der Stadt <a href=\"https:\/\/de.wikipedia.org\/wiki\/R\u00f6thenbach_an_der_Pegnitz\">Roethenbach a.d.Pegnitz<\/a> begr\u00fcndet. Initiativen im Dreieck, Kunst, Religion und Philosophie schlossen sich an. Mit der Journalistin Michaela Moritz entwickelten sich Philosophiereisen (&#8222;Philosophie f\u00fcr Kreative&#8220;).  Mit Michael Mihaljevic, Undine Stier und  <a href=\"http:\/\/www.thorsten-schirmer.de\">Thorsten Schirmer<\/a> zogen Elemente der ZEN-Kultur (Meditation, Chan-Malerei, Teezeremonie) ein und es entwickelte sich eine West\u00f6stliche Akademie. (www.westostakademie.com)  So entfaltete sich im Lauf der Jahre ein kleines Zentrum mit eigenst\u00e4ndigem Charakter, das seinen Namen &#8222;Schnackenhof&#8220; von der  Strasse herleitet, an der es liegt. Mittlerweile gibt es als Ableger das &#8222;Seminarhaus am Waldrand&#8220; das Michaela Moritz eigenst\u00e4ndig in Korrespondenz mit dem Schnackenhof betreibt.<\/p>\n\n\n\n<figure class=\"wp-block-image size-large is-resized\"><img loading=\"lazy\" decoding=\"async\" src=\"https:\/\/www.schnackenhof.de\/wp-content\/uploads\/2020\/11\/122267755_3668850606480256_3032759531829677243_o-1-1024x768.jpg\" alt=\"\" class=\"wp-image-3335\" width=\"670\" height=\"502\" srcset=\"https:\/\/www.schnackenhof.de\/wp-content\/uploads\/2020\/11\/122267755_3668850606480256_3032759531829677243_o-1-1024x768.jpg 1024w, https:\/\/www.schnackenhof.de\/wp-content\/uploads\/2020\/11\/122267755_3668850606480256_3032759531829677243_o-1-300x225.jpg 300w, https:\/\/www.schnackenhof.de\/wp-content\/uploads\/2020\/11\/122267755_3668850606480256_3032759531829677243_o-1-768x576.jpg 768w, https:\/\/www.schnackenhof.de\/wp-content\/uploads\/2020\/11\/122267755_3668850606480256_3032759531829677243_o-1-1536x1153.jpg 1536w, https:\/\/www.schnackenhof.de\/wp-content\/uploads\/2020\/11\/122267755_3668850606480256_3032759531829677243_o-1.jpg 1599w\" sizes=\"auto, (max-width: 670px) 100vw, 670px\" \/><figcaption>Teezeremonie im Schnackenhof mit Thomas Riedinger (Berlin)<\/figcaption><\/figure>\n\n\n\n<p><\/p>\n\n\n\n<p><strong>2. INHALTE<\/strong> <\/p>\n\n\n\n<p>Unsere Inhalte sind durch das Zusammenspiel von Fragen der  <font color=\"#000000\"><span style=\"caret-color: rgb(0, 0, 0);\"><b>Philosophie, de<\/b><\/span><\/font><strong>r <\/strong><strong> Kunst<\/strong> und der <strong>Religion<\/strong> in den verschiedenen Weltkulturen gekennzeichnet. Dazu geh\u00f6rt der Austausch mit dem Orient, Indien, China und Japan, aber auch mit Staaten des ehemaligen &#8222;Ostblocks&#8220;. Auch gibt es einen Freundeskreis f\u00fcr ZEN &#8211; Kultur (Zeng\u00e4rten, Teezeremonie, Meditation..), die den Charakter unserer Treffen mitbestimmen.<\/p>\n\n\n\n<figure class=\"wp-block-image size-large is-resized\"><img loading=\"lazy\" decoding=\"async\" src=\"https:\/\/www.schnackenhof.de\/wp-content\/uploads\/2020\/12\/13323303_10201447443343956_7602504739449229084_o-1024x768.jpg\" alt=\"\" class=\"wp-image-3360\" width=\"655\" height=\"486\"\/><figcaption><br><\/figcaption><\/figure>\n\n\n\n<p><strong> 3. F\u00d6RDERER DES SCHNACKENHOFS<\/strong><\/p>\n\n\n\n<p>Der Schnackenhof ist ohne seine Unterst\u00fctzerpers\u00f6nlichkeiten nicht zu denken. Zun\u00e4chst war es das Haus selber, das durch <strong>Richard Hengl<\/strong> 1995 als Spielort zur Verf\u00fcgung gestellt wurde und das heute <strong>Angelika Hengl <\/strong>als f\u00f6rderndes Mitglied mit privaten Zusch\u00fcssen weiter unterst\u00fctzt. Andere F\u00f6rderer sind <strong>J\u00fcrgen Tewes<\/strong> (T-Bau) oder <strong>Inge Wolf <\/strong>(Tonwerke Wolfsh\u00f6he). Inzwischen  ist auch  eine kleine <strong>Akademie<\/strong> gegr\u00fcndet, die unsere \u00fcberregionalen Aktivit\u00e4ten abbildet und an verschiedenen Orten Ausstellungen und Treffen initiiert. (www.Ostwestakademie.com) der 1. Pr\u00e4sident war 2018 &#8211; 2022 der  Menschenrechtspreistr\u00e4ger <a href=\"https:\/\/www.dirs.phil.fau.de\/ueber-uns\/team\/professorinnen\/prof-dr-reza-hajatpour\/\">Reza Hajatpour<\/a>. Unter anderem geh\u00f6ren ihr der Maler<a href=\"https:\/\/de.wikipedia.org\/wiki\/Ren\u00e9_B\u00f6ll\"> Ren\u00e9 B\u00f6ll<\/a> (K\u00f6ln), der Diplomat <a href=\"https:\/\/de.wikipedia.org\/wiki\/Manfred_Osten\">Manfred Osten<\/a> (Bonn), der marokkanische Schriftsteller und Germanist Fawzi Boubia (IVG), sowie weitere Pers\u00f6nlichkeiten des \u00f6ffentlichen und intellektuellen Lebens an.  <\/p>\n\n\n\n<figure class=\"wp-block-image is-resized\"><img loading=\"lazy\" decoding=\"async\" src=\"http:\/\/www.schnackenhof.de\/wp-content\/uploads\/2019\/01\/Ritsukospielt-1024x576.jpg\" alt=\"\" class=\"wp-image-2502\" width=\"602\" height=\"339\" srcset=\"https:\/\/www.schnackenhof.de\/wp-content\/uploads\/2019\/01\/Ritsukospielt-1024x576.jpg 1024w, https:\/\/www.schnackenhof.de\/wp-content\/uploads\/2019\/01\/Ritsukospielt-300x169.jpg 300w, https:\/\/www.schnackenhof.de\/wp-content\/uploads\/2019\/01\/Ritsukospielt-768x432.jpg 768w, https:\/\/www.schnackenhof.de\/wp-content\/uploads\/2019\/01\/Ritsukospielt.jpg 1328w\" sizes=\"auto, (max-width: 602px) 100vw, 602px\" \/><figcaption>Ritsuko Takeyama auf der Sommerakademie 2018 (Schloss Steinh\u00f6fel)<\/figcaption><\/figure>\n\n\n\n<p><strong>4. DIE SOMMERAKADEMIE<\/strong> (Ostwestakademie.com)<\/p>\n\n\n\n<p>Zur Zeit der Sommerakademie verwandelt sich das Gel\u00e4nde des Schnackenhofs \u00fcber mehrere Tage in einen\u00a0&#8222;Garten der Philosophie&#8220; \u00a0in dem unsere Aktiven mit befreundete K\u00fcnstlern und Wissenschaftlern das  Thema einer vielf\u00e4ltigen \u201ePhilosophie der Kulturen\u201c bearbeiten und f\u00fcr einige Tage zusammen leben. \u00a0Gelegentlich\u00a0ziehen wir zu diesem Zweck an andere Orte, etwa in das\u00a0Schloss\u00a0<a href=\"http:\/\/www.schloss-steinhoefel.de\">Steinh\u00f6fel<\/a>\u00a0bei\u00a0Berlin, in dem 2018 die Gr\u00fcndung der Akademie erfolgte  oder 2022 nach Hannover-Langenhagen.<\/p>\n\n\n\n<figure class=\"wp-block-image is-resized\"><img loading=\"lazy\" decoding=\"async\" src=\"http:\/\/www.schnackenhof.de\/wp-content\/uploads\/2019\/01\/zenbogenunterricht.jpg\" alt=\"\" class=\"wp-image-2697\" width=\"507\" height=\"338\" srcset=\"https:\/\/www.schnackenhof.de\/wp-content\/uploads\/2019\/01\/zenbogenunterricht.jpg 960w, https:\/\/www.schnackenhof.de\/wp-content\/uploads\/2019\/01\/zenbogenunterricht-300x200.jpg 300w, https:\/\/www.schnackenhof.de\/wp-content\/uploads\/2019\/01\/zenbogenunterricht-768x512.jpg 768w\" sizes=\"auto, (max-width: 507px) 100vw, 507px\" \/><figcaption>Barbara Lemke (Zenbogen-Unterricht)<\/figcaption><\/figure>\n\n\n\n<figure class=\"wp-block-image is-resized\"><img loading=\"lazy\" decoding=\"async\" src=\"http:\/\/www.schnackenhof.de\/wp-content\/uploads\/2019\/01\/K\u00e4mpchenimSchnackenhof-1024x768.jpg\" alt=\"\" class=\"wp-image-2676\" width=\"519\" height=\"390\" srcset=\"https:\/\/www.schnackenhof.de\/wp-content\/uploads\/2019\/01\/K\u00e4mpchenimSchnackenhof-1024x768.jpg 1024w, https:\/\/www.schnackenhof.de\/wp-content\/uploads\/2019\/01\/K\u00e4mpchenimSchnackenhof-300x225.jpg 300w, https:\/\/www.schnackenhof.de\/wp-content\/uploads\/2019\/01\/K\u00e4mpchenimSchnackenhof-768x576.jpg 768w\" sizes=\"auto, (max-width: 519px) 100vw, 519px\" \/><figcaption>Martin K\u00e4mpchen (Shantiniketan\/Shimla) zur Lesung im Schnackenhof<\/figcaption><\/figure>\n\n\n\n<figure class=\"wp-block-image is-resized\"><img loading=\"lazy\" decoding=\"async\" src=\"http:\/\/www.schnackenhof.de\/wp-content\/uploads\/2019\/01\/sonnwendfeuer-1024x682.jpg\" alt=\"\" class=\"wp-image-2702\" width=\"524\" height=\"348\" srcset=\"https:\/\/www.schnackenhof.de\/wp-content\/uploads\/2019\/01\/sonnwendfeuer-1024x682.jpg 1024w, https:\/\/www.schnackenhof.de\/wp-content\/uploads\/2019\/01\/sonnwendfeuer-300x200.jpg 300w, https:\/\/www.schnackenhof.de\/wp-content\/uploads\/2019\/01\/sonnwendfeuer-768x511.jpg 768w\" sizes=\"auto, (max-width: 524px) 100vw, 524px\" \/><figcaption>Sonnwendfeuer<\/figcaption><\/figure>\n\n\n\n<p><strong>&nbsp;<\/strong><\/p>\n\n\n\n<p><strong>5. UNSERE LEITLINIE<\/strong>:\u00a0 Ein Leben kann nicht richtig oder falsch, effektiv oder ineffektiv sein, sondern nur \u201egelungen\u201c oder \u201emisslungen&#8220;. So zeigt sich schon an der Sprache, dass <strong>technische<\/strong> und <strong>ethische<\/strong> \u00dcberlegungen allein nicht ausreichen, um unser Handeln zu leiten. Vollst\u00e4ndig wird unsere Orientierung erst durch<strong> \u00e4sthetische <\/strong>Reflexion, also die Erfahrungen der Kunst, die ihrerseits wieder auf Erfahrungen der Liebe, der Sehnsucht und auch der Harmonie mit der Natur weist. Gemessen an unseren wahren Bed\u00fcrfnissen wird unsere Gesellschaft immer noch reichlich einseitig organisiert, was uns viele Aufgaben gibt. <strong>\u00a0<\/strong><\/p>\n\n\n\n<figure class=\"wp-block-image is-resized\"><img loading=\"lazy\" decoding=\"async\" src=\"http:\/\/www.schnackenhof.de\/wp-content\/uploads\/2019\/01\/Undinenopfer-768x1024.jpg\" alt=\"\" class=\"wp-image-2758\" width=\"415\" height=\"553\" srcset=\"https:\/\/www.schnackenhof.de\/wp-content\/uploads\/2019\/01\/Undinenopfer-768x1024.jpg 768w, https:\/\/www.schnackenhof.de\/wp-content\/uploads\/2019\/01\/Undinenopfer-225x300.jpg 225w, https:\/\/www.schnackenhof.de\/wp-content\/uploads\/2019\/01\/Undinenopfer.jpg 960w\" sizes=\"auto, (max-width: 415px) 100vw, 415px\" \/><figcaption>Das &#8222;Undinenopfer&#8220; 2016<\/figcaption><\/figure>\n\n\n\n<p><strong>5. UMGEBUNG<\/strong><\/p>\n\n\n\n<p>Ein wichtiger Aspekt ist auch die Umgebungsgestaltung. \u00dcberall unterwerfen wir \u00e4sthetische Aspekte bisher den Fragen der Bequemlichkeits-Technik oder der \u00d6konomie. Wir bauen etwa nach \u00f6konomischen Gesichtspunkten und montieren nachtr\u00e4glich \u201eKunst\u201c an die Produkte, statt die Bauwerke selber nach \u00e4sthetischen Gesichtspunkten aufzuf\u00fchren oder uns zu fragen, was &#8222;Wohnen&#8220; eigentlich hei\u00dft. Wir reden von &#8222;win-win&#8220;-Situationen ohne zu bedenken, dass der Gewinn von zwei an einem Gesch\u00e4ft beteiligten Parteien oft auch zu Lasten anderer oder gar aller gehen kann. Opfern wollen wir einer Korrektur solch fragw\u00fcrdiger Orientierungen leider wenig. Und so zerst\u00f6ren wir Natur, und f\u00fchren sogar Kriege, um auf einer M\u00fcllhalde \u00fcberfl\u00fcssiger G\u00fcter in h\u00e4sslichen Umgebungen ein fragw\u00fcrdiges und gehetztes Leben zu f\u00fchren, statt einfaches und sinnvolles Dasein im &#8222;Jetzt&#8220; und &#8222;Wir&#8220; zu suchen.  <\/p>\n\n\n\n<figure class=\"wp-block-image\"><img decoding=\"async\" src=\"blob:http:\/\/www.schnackenhof.de\/e110a8d4-2734-4725-81e2-30148067f787\" alt=\"\"\/><\/figure>\n\n\n\n<figure class=\"wp-block-image is-resized\"><img loading=\"lazy\" decoding=\"async\" src=\"http:\/\/www.schnackenhof.de\/wp-content\/uploads\/2019\/01\/0-1.jpeg\" alt=\"\" class=\"wp-image-2823\" width=\"345\" height=\"613\" srcset=\"https:\/\/www.schnackenhof.de\/wp-content\/uploads\/2019\/01\/0-1.jpeg 366w, https:\/\/www.schnackenhof.de\/wp-content\/uploads\/2019\/01\/0-1-169x300.jpeg 169w\" sizes=\"auto, (max-width: 345px) 100vw, 345px\" \/><figcaption>Treppe zum Fluss<\/figcaption><\/figure>\n\n\n\n<figure class=\"wp-block-image\"><img decoding=\"async\" src=\"blob:http:\/\/www.schnackenhof.de\/cec677bd-be49-4c04-aaad-f95a4eb667fc\" alt=\"\"\/><\/figure>\n\n\n\n<p>Eine Konzentration auf\u00a0 \u201eAisthesis\u201c \u2013 also <strong>ein ehrlicher Umgang damit, was wir wirklich sp\u00fcren, ersehnen und brauchen &#8211;<\/strong> ist an der Zeit. Aus ihr w\u00fcrde sich auch eine massgebliche Orientierung f\u00fcr <strong>kulturelle Erneuerung<\/strong> ergeben: Wir sind kreative, sp\u00fcrende Wesen der Korrespondenz, f\u00fcr die die Probleme nicht schon dadurch gel\u00f6st sind, dass alles effektiv zugeht oder einzelnen Personen finanziellen oder Lust- &#8222;Gewinn&#8220; bringt. Die hieraus folgenden Anforderungen an unsere Lebensf\u00fchrung (Einfach, wesentlich, in Korrespondenz mit unseren Mitmenschen und unserer Umgebung), sowie eine in die \u00d6ffentlichkeit hineinwirkende T\u00e4tigkeit ergeben sich daraus. <\/p>\n\n\n\n<figure class=\"wp-block-image\"><img decoding=\"async\" src=\"blob:http:\/\/www.schnackenhof.de\/44311384-ad4f-403d-a2f3-e1a656fe4912\" alt=\"\"\/><\/figure>\n\n\n\n<figure class=\"wp-block-image is-resized\"><img loading=\"lazy\" decoding=\"async\" src=\"http:\/\/www.schnackenhof.de\/wp-content\/uploads\/2019\/01\/gartentafel.jpg\" alt=\"\" class=\"wp-image-2760\" width=\"457\" height=\"457\" srcset=\"https:\/\/www.schnackenhof.de\/wp-content\/uploads\/2019\/01\/gartentafel.jpg 200w, https:\/\/www.schnackenhof.de\/wp-content\/uploads\/2019\/01\/gartentafel-150x150.jpg 150w\" sizes=\"auto, (max-width: 457px) 100vw, 457px\" \/><figcaption>Gartentafel im Schnackenhof<\/figcaption><\/figure>\n\n\n\n<p><strong>6. UNSER PROGRAMM<\/strong>:<\/p>\n\n\n\n<p>Wir\u00a0halten\u00a0ein monatliches\u00a0&#8222;Philoquium&#8220; zu aktuellen Fragen der Philosophie auf das wir namhafte G\u00e4ste laden. Die Liste unserer Referenten ist inzwischen durchaus ein alternatives who is who unseres \u00f6ffentlichen Lebens. Wir laden K\u00fcnstler aller Sparten ein, nicht nur aufzutreten, sondern auch Kurse zu geben. Genauso gibt es jedes Jahr einen Vortrag zum Thema Garten, ein Angebot zum Teeweg und einen Vortragsgast zu Fragen der \u00d6kologie und des einfachen Lebens..  <\/p>\n\n\n\n<figure class=\"wp-block-image is-resized\"><img loading=\"lazy\" decoding=\"async\" src=\"http:\/\/www.schnackenhof.de\/wp-content\/uploads\/2019\/01\/teegeschirrausstellungriedinger.jpg\" alt=\"\" class=\"wp-image-2698\" width=\"456\" height=\"303\" srcset=\"https:\/\/www.schnackenhof.de\/wp-content\/uploads\/2019\/01\/teegeschirrausstellungriedinger.jpg 960w, https:\/\/www.schnackenhof.de\/wp-content\/uploads\/2019\/01\/teegeschirrausstellungriedinger-300x200.jpg 300w, https:\/\/www.schnackenhof.de\/wp-content\/uploads\/2019\/01\/teegeschirrausstellungriedinger-768x512.jpg 768w\" sizes=\"auto, (max-width: 456px) 100vw, 456px\" \/><figcaption><br>Teeschalenausstellung Thomas Riedinger<\/figcaption><\/figure>\n\n\n\n<p>Wir\u00a0glauben nicht, dass es nur ein Grund\u00fcbel gibt, an dem die Welt leidet und von dem her man sie retten kann. Vielmehr gehen wir davon aus, dass wir bei uns anfangen m\u00fcssen, dass der\u00a0G\u00e4rtner\u00a0dem\u00a0Philosophen\u00a0und\u00a0der\u00a0Philosoph\u00a0dem\u00a0Musiker und dieser wiederum dem Koch\u00a0etwas\u00a0Wichtiges zu\u00a0sagen\u00a0haben, wenn wir zusammen wertvolles Leben gestalten wollen. Unser gemeinsames Gestalten und Handeln &#8211; d.h. das Wirken an einer Atmosph\u00e4re des Zusammenseins &#8211; betrachten wir als die eigentliche Erkenntnis auf die es ankommt, so dass sich unser Erfolg <strong>in der Praxis des gestalteten Miteinanders<\/strong> zeigt. Die M\u00f6glichkeit einer &#8222;absoluten Vernunft&#8220; oder einer einheitlichen Sensuchtsinsel jenseits des Alltags betrachten wir skeptisch, hiesse sie &#8222;Gott&#8220;, &#8222;Homo Deus&#8220; oder &#8222;Konsens&#8220;. Auch Hegels Weltgeist auf dem Weg zur Freiheit und gewisse mystische L\u00f6sungen halten wir f\u00fcr eher \u00fcberholte, zu &#8222;westliche&#8220; Konzepte. Philosophen wissen, dass sie nicht alles sehen und dass die uns scheinbar gegen\u00fcberstehende &#8222;Welt&#8220; zun\u00e4chst einmal nur wir selber sind. Der delphische Spruch &#8222;Erkenne Dich selbst&#8220; ist also unser Ausgangspunkt. Unser Ziel ist nicht &#8222;Konsens&#8220;, sondern &#8222;Korrespondenz&#8220;  &#8211; praktisches Zusammenwirken im Unterschied. <\/p>\n\n\n\n<figure class=\"wp-block-image is-resized\"><img loading=\"lazy\" decoding=\"async\" src=\"http:\/\/www.schnackenhof.de\/wp-content\/uploads\/2019\/01\/derblindephilosoph-2-768x1024.jpg\" alt=\"\" class=\"wp-image-2640\" width=\"500\" height=\"666\" srcset=\"https:\/\/www.schnackenhof.de\/wp-content\/uploads\/2019\/01\/derblindephilosoph-2-768x1024.jpg 768w, https:\/\/www.schnackenhof.de\/wp-content\/uploads\/2019\/01\/derblindephilosoph-2-225x300.jpg 225w, https:\/\/www.schnackenhof.de\/wp-content\/uploads\/2019\/01\/derblindephilosoph-2.jpg 1200w\" sizes=\"auto, (max-width: 500px) 100vw, 500px\" \/><figcaption>Theresias, Bronze, Gustav Mayer, M\u00fcnchen<\/figcaption><\/figure>\n\n\n\n<p><strong>7. CHARAKTERISIERUNGEN <\/strong><\/p>\n\n\n\n<p>Der Schnackenhof ist vielfach charakterisiert worden, als \u201eInstitut f\u00fcr spielerischen Ernst\u201c  (Tagespresse), als &#8222;Festforschungsverein&#8220; und Treff der letzten Yogis unter den Philosophen. Der SPIEGEL stellte unsere Aktivit\u00e4ten in einem gr\u00f6\u00dferen Artikel als \u201eDienstleistung am Geist\u201c dar.  (Vgl. Stichpunkt &#8222;Presse&#8220; auf dieser Homepage) . Dies betrachten wir alles als zutreffend und sind geschmeichelt. Doch kommt es nicht auf Charakterisierungen an, sondern auf das Zusammensein!  Das Zusammensein mit Freunden am rechten Ort ist ein dauerndes Fest, das erhalten werden muss. Yogis &#8222;\u00fcben&#8220;, heisst es. Auch das griechische Wort Askesis hei\u00dft \u00dcbung. Nichts anderes tun wir auch. Dass unsere &#8222;Dienstleistungen am Geist&#8220;  nicht den &#8222;Geist&#8220; allein, sondern auch den &#8222;Leib&#8220; betreffen, merkt jeder, der unsere Seminarwochen bucht.  (Philosophie f\u00fcr Kreative). Das Fest, das Gespr\u00e4ch und das ernsthafte Spiel sind unser Leben.<br><\/p>\n\n\n\n<figure class=\"wp-block-image\"><img decoding=\"async\" src=\"blob:http:\/\/www.schnackenhof.de\/80623705-3439-4486-b932-55b9f3aadd69\" alt=\"\"\/><\/figure>\n\n\n\n<figure class=\"wp-block-image is-resized\"><img loading=\"lazy\" decoding=\"async\" src=\"http:\/\/www.schnackenhof.de\/wp-content\/uploads\/2019\/01\/volkerheubl.jpg\" alt=\"\" class=\"wp-image-2701\" width=\"477\" height=\"318\" srcset=\"https:\/\/www.schnackenhof.de\/wp-content\/uploads\/2019\/01\/volkerheubl.jpg 960w, https:\/\/www.schnackenhof.de\/wp-content\/uploads\/2019\/01\/volkerheubl-300x200.jpg 300w, https:\/\/www.schnackenhof.de\/wp-content\/uploads\/2019\/01\/volkerheubl-768x512.jpg 768w\" sizes=\"auto, (max-width: 477px) 100vw, 477px\" \/><figcaption><br>Prof. Volker Heubel (Teewissenschaftler) beim Vortrag im Schnackenhof<br><\/figcaption><\/figure>\n\n\n\n<p><em>Der Schnackenhof liegt an verschiedenen (auch inneren) Wanderwegen und l\u00e4dt zur Einkehr ein<\/em>. <span><i>Der\u00a0Eintritt\u00a0zu\u00a0allen\u00a0Veranstaltungen, das Essen und der Wein sind \u00a0frei. Spenden werden jedoch erwartet. Retreats, \u00dcbernachtungen f\u00fcr spirituelle Wanderer und die Benutzung unserer Bibliothek sind  gegen geringe Spenden imm er m\u00f6glich.  Wer unserer &#8222;Akademie&#8220; beitreten will, mu\u00df \u00f6ffentlich auftreten k\u00f6nnen und einschl\u00e4gig publiziert haben. Zuwendungen\u00a0k\u00f6nnen von der Steuer abgesetzt werden.\u00a0<\/i><\/span><\/p>\n\n\n\n<p><strong>HINWEIS: <\/strong><\/p>\n\n\n\n<p><strong>Wir unterst\u00fctzen bildende K\u00fcnstler, junge Musiker, Sprach- und Geisteswissenschaftler, sowie Literaten durch verbilligte Aufenthaltsm\u00f6glichkeiten, Auftrittsm\u00f6glichkeiten und Integrationshilfen.<\/strong><\/p>\n\n\n\n<p><strong>Wir nehmen Stipendiaten\u00a0auf<\/strong> \u2013 bisher fand dies statt in Zusammenarbeit mit der N\u00fcrnberger Akademie der bildenden K\u00fcnste (Austausch mit Polen), mit dem Fergusson-College (Mumbay, Indien), aber auch ohne institutionellen Hintergrund, etwa mit einem Gast aus Columbien (bis M\u00e4rz 2019) und in Kooperation mit dem Internationalen Haus der Stadt N\u00fcrnberg statt (Ukraine-Austausch 2019). Zur Zeit organisiert eine Piano-Absolventin der N\u00fcrnberger Akademie Hyeonyoung Nam, gelegentliche Kammerorchestertreffen mit Studenten der Akademie, die gro\u00dfen Anklang finden und wir vergeben Monatsstipendien (2022 Hata Hlavata, Prag). Zur zeit wohnen auch zwei Ukrainische G\u00e4ste im Haus, die dort weggegangen sind, wo andere meinen, kriegerisch an ihre Ziele zu gelangen. Wir streben stattdessen eher harmonische L\u00f6sungen an &#8211; und wo diese nicht m\u00f6glich sind, die &#8222;L\u00f6sungen&#8220; der wenigstens <strong>korrespondierenden<\/strong> Zusammenarbeit aller.<\/p>\n\n\n\n<p><\/p>\n","protected":false},"excerpt":{"rendered":"<p>Video: Der Schnackenhof 1. Der Anfang Der &#8222;Schnackenhof&#8220;\u00a0wurde 1995 von Reinhard Knodt, J\u00f6rg Amonat, Michaela Moritz, Sylvia Weihleder mit weiteren Freunden und Studenten der N\u00fcrnberger Akademie als Philosophiesalon und Denkort in einem gro\u00dfen Garten mit Abbruchhaus am Pegnitzufer der Stadt &hellip; <a href=\"https:\/\/www.schnackenhof.de\/\">Weiterlesen <span class=\"meta-nav\">&rarr;<\/span><\/a><\/p>\n","protected":false},"author":3,"featured_media":0,"parent":0,"menu_order":0,"comment_status":"closed","ping_status":"closed","template":"","meta":{"_cbd_carousel_blocks":"[]","ngg_post_thumbnail":0,"footnotes":""},"class_list":["post-521","page","type-page","status-publish","hentry"],"_links":{"self":[{"href":"https:\/\/www.schnackenhof.de\/index.php?rest_route=\/wp\/v2\/pages\/521","targetHints":{"allow":["GET"]}}],"collection":[{"href":"https:\/\/www.schnackenhof.de\/index.php?rest_route=\/wp\/v2\/pages"}],"about":[{"href":"https:\/\/www.schnackenhof.de\/index.php?rest_route=\/wp\/v2\/types\/page"}],"author":[{"embeddable":true,"href":"https:\/\/www.schnackenhof.de\/index.php?rest_route=\/wp\/v2\/users\/3"}],"replies":[{"embeddable":true,"href":"https:\/\/www.schnackenhof.de\/index.php?rest_route=%2Fwp%2Fv2%2Fcomments&post=521"}],"version-history":[{"count":439,"href":"https:\/\/www.schnackenhof.de\/index.php?rest_route=\/wp\/v2\/pages\/521\/revisions"}],"predecessor-version":[{"id":3689,"href":"https:\/\/www.schnackenhof.de\/index.php?rest_route=\/wp\/v2\/pages\/521\/revisions\/3689"}],"wp:attachment":[{"href":"https:\/\/www.schnackenhof.de\/index.php?rest_route=%2Fwp%2Fv2%2Fmedia&parent=521"}],"curies":[{"name":"wp","href":"https:\/\/api.w.org\/{rel}","templated":true}]}}