{"id":817,"date":"2012-10-28T13:49:34","date_gmt":"2012-10-28T12:49:34","guid":{"rendered":"http:\/\/www.schnackenhof.de\/?page_id=817"},"modified":"2018-12-15T21:45:51","modified_gmt":"2018-12-15T20:45:51","slug":"presse","status":"publish","type":"page","link":"https:\/\/www.schnackenhof.de\/?page_id=817","title":{"rendered":"Presse"},"content":{"rendered":"<p>DER SPIEGEL:<\/p>\n<p>&#8222;&#8230; Wei\u00dfe St\u00fchle stehen im Gr\u00fcnen, vom Wiesenrand klingt das Pl\u00e4tschern<br \/>\nder Pegnitz her\u00fcber. Unter den Eichen ist ein Buffet aufgetischt, und in<br \/>\nder romantisch verkommenen Villa nebenan, dem eigentlichen Treffpunkt,<br \/>\nwartet schon geistige Nahrung: gro\u00dfe Denker, Buch an Buch, griffbereit f\u00fcr<br \/>\nalle Diskussionsf\u00e4lle.<\/p>\n<p>&#8222;Zuerst sprechen wir nat\u00fcrlich \u00fcber Epikur&#8220;, sagt Reinhard Knodt l\u00e4chelnd.<br \/>\nDie Lehren des alten Griechen, der Weisheit mit Lebensfreude und Gartenlust<br \/>\nverband, liefern einen idealen Einstieg f\u00fcr die philosophischen Lesekreise,<br \/>\ndie Knodt, 45, in seinem Refugium unweit von N\u00fcrnberg abh\u00e4lt. Wenn der<br \/>\nHerbst kommt, will der hagere Gentleman mit ein paar Eifrigen noch zum<br \/>\n&#8222;Philosophischen Nachsommer&#8220; f\u00fcr eine Woche an den Gardasee ziehen.<\/p>\n<p>&#8222;Man verdient nicht wie ein Professor&#8220;, gibt Knodt zu. Leben kann der<br \/>\nSchreib-Profi, der als K\u00fcnstler sozialversichert ist, durch Rundfunkarbeiten. Aber er sch\u00e4tzt die &#8222;leichte, spritzige Atmosph\u00e4re&#8220; seiner Gespr\u00e4chskreise, schon weil er dort ab und an sein Lieblingsthema behandeln kann:&nbsp; &#8222;\u00c4sthetisches Denken im technischen Raum&#8220;. Schon einiges hat er dar\u00fcber geschrieben. Es brachte ihn nicht auf einen Uni-Lehrstuhl, sondern auf den Gartenstuhl. Sein Ausstieg hat ihn nie gereut, auch wenn er den Kursteilnehmern &#8211; vom Ex-Studenten bis zum mittelschweren Manager &#8211; weder Referate aufbrummen noch Noten geben kann. Knodts Seminare bieten schlie\u00dflich kein Pflichtprogramm, sondern behagliches Freizeitvergn\u00fcgen, eine Dienstleistung am Geist, wie sie f\u00fcrs gegenw\u00e4rtige Dasein des Denkerstands typisch ist: Nach Jahren der Belanglosigkeit ist Philosophie wieder Wachstumsbranche geworden &#8211; nur abseits vom geregelten Markt der Universit\u00e4ten&#8230;&#8220;&nbsp; <a title=\"Der Spiegel\" href=\"http:\/\/www.spiegel.de\/spiegel\/print\/d-8940223.html \" target=\"_blank\" rel=\"noopener\">(http:\/\/www.spiegel.de\/spiegel\/print\/d-8940223.html)<br \/>\n<\/a><\/p>\n","protected":false},"excerpt":{"rendered":"<p>DER SPIEGEL: &#8222;&#8230; Wei\u00dfe St\u00fchle stehen im Gr\u00fcnen, vom Wiesenrand klingt das Pl\u00e4tschern der Pegnitz her\u00fcber. Unter den Eichen ist ein Buffet aufgetischt, und in der romantisch verkommenen Villa nebenan, dem eigentlichen Treffpunkt, wartet schon geistige Nahrung: gro\u00dfe Denker, Buch &hellip; <a href=\"https:\/\/www.schnackenhof.de\/?page_id=817\">Weiterlesen <span class=\"meta-nav\">&rarr;<\/span><\/a><\/p>\n","protected":false},"author":8,"featured_media":0,"parent":0,"menu_order":7,"comment_status":"closed","ping_status":"closed","template":"","meta":{"_cbd_carousel_blocks":"[]","ngg_post_thumbnail":0,"footnotes":""},"class_list":["post-817","page","type-page","status-publish","hentry"],"_links":{"self":[{"href":"https:\/\/www.schnackenhof.de\/index.php?rest_route=\/wp\/v2\/pages\/817","targetHints":{"allow":["GET"]}}],"collection":[{"href":"https:\/\/www.schnackenhof.de\/index.php?rest_route=\/wp\/v2\/pages"}],"about":[{"href":"https:\/\/www.schnackenhof.de\/index.php?rest_route=\/wp\/v2\/types\/page"}],"author":[{"embeddable":true,"href":"https:\/\/www.schnackenhof.de\/index.php?rest_route=\/wp\/v2\/users\/8"}],"replies":[{"embeddable":true,"href":"https:\/\/www.schnackenhof.de\/index.php?rest_route=%2Fwp%2Fv2%2Fcomments&post=817"}],"version-history":[{"count":8,"href":"https:\/\/www.schnackenhof.de\/index.php?rest_route=\/wp\/v2\/pages\/817\/revisions"}],"predecessor-version":[{"id":2416,"href":"https:\/\/www.schnackenhof.de\/index.php?rest_route=\/wp\/v2\/pages\/817\/revisions\/2416"}],"wp:attachment":[{"href":"https:\/\/www.schnackenhof.de\/index.php?rest_route=%2Fwp%2Fv2%2Fmedia&parent=817"}],"curies":[{"name":"wp","href":"https:\/\/api.w.org\/{rel}","templated":true}]}}